{"id":23,"date":"2020-05-08T14:20:48","date_gmt":"2020-05-08T12:20:48","guid":{"rendered":"http:\/\/thephia.de\/?page_id=23"},"modified":"2025-12-31T11:50:04","modified_gmt":"2025-12-31T10:50:04","slug":"ueber-uns","status":"publish","type":"page","link":"https:\/\/thephia.de\/","title":{"rendered":"Herzlich Willkommen!"},"content":{"rendered":"\n<p>31.12. ge\u00f6ffnet von 10 &#8211; 18 Uhr | 02.01. und 03.01. ge\u00f6ffnet ab 11 Uhr<\/p>\n\n\n\n<p>31.12. H\u00f6henfeuerwerk am Kap Arkona 16:30<\/p>\n\n\n\n<p>Im Anschluss Winterpause \ud83d\ude42<\/p>\n\n\n\n<figure class=\"wp-block-image size-large\"><img loading=\"lazy\" width=\"1024\" height=\"577\" src=\"https:\/\/thephia.de\/wp-content\/uploads\/2020\/05\/8451C64C-F0CC-4EA5-AA21-9C05BB112235_1_105_c-1024x577.jpeg\" alt=\"\" class=\"wp-image-995\" srcset=\"https:\/\/thephia.de\/wp-content\/uploads\/2020\/05\/8451C64C-F0CC-4EA5-AA21-9C05BB112235_1_105_c-1024x577.jpeg 1024w, https:\/\/thephia.de\/wp-content\/uploads\/2020\/05\/8451C64C-F0CC-4EA5-AA21-9C05BB112235_1_105_c-300x169.jpeg 300w, https:\/\/thephia.de\/wp-content\/uploads\/2020\/05\/8451C64C-F0CC-4EA5-AA21-9C05BB112235_1_105_c-768x433.jpeg 768w, https:\/\/thephia.de\/wp-content\/uploads\/2020\/05\/8451C64C-F0CC-4EA5-AA21-9C05BB112235_1_105_c-973x548.jpeg 973w, https:\/\/thephia.de\/wp-content\/uploads\/2020\/05\/8451C64C-F0CC-4EA5-AA21-9C05BB112235_1_105_c-508x286.jpeg 508w, https:\/\/thephia.de\/wp-content\/uploads\/2020\/05\/8451C64C-F0CC-4EA5-AA21-9C05BB112235_1_105_c.jpeg 1136w\" sizes=\"(max-width: 1024px) 100vw, 1024px\" \/><\/figure>\n","protected":false},"excerpt":{"rendered":"<p>31.12. ge\u00f6ffnet von 10 &#8211; 18 Uhr | 02.01. und 03.01. ge\u00f6ffnet ab 11 Uhr 31.12. H\u00f6henfeuerwerk am Kap Arkona 16:30 Im Anschluss Winterpause \ud83d\ude42<\/p>\n","protected":false},"author":1,"featured_media":0,"parent":0,"menu_order":0,"comment_status":"closed","ping_status":"closed","template":"","meta":[],"_links":{"self":[{"href":"https:\/\/thephia.de\/index.php?rest_route=\/wp\/v2\/pages\/23"}],"collection":[{"href":"https:\/\/thephia.de\/index.php?rest_route=\/wp\/v2\/pages"}],"about":[{"href":"https:\/\/thephia.de\/index.php?rest_route=\/wp\/v2\/types\/page"}],"author":[{"embeddable":true,"href":"https:\/\/thephia.de\/index.php?rest_route=\/wp\/v2\/users\/1"}],"replies":[{"embeddable":true,"href":"https:\/\/thephia.de\/index.php?rest_route=%2Fwp%2Fv2%2Fcomments&post=23"}],"version-history":[{"count":69,"href":"https:\/\/thephia.de\/index.php?rest_route=\/wp\/v2\/pages\/23\/revisions"}],"predecessor-version":[{"id":1203,"href":"https:\/\/thephia.de\/index.php?rest_route=\/wp\/v2\/pages\/23\/revisions\/1203"}],"wp:attachment":[{"href":"https:\/\/thephia.de\/index.php?rest_route=%2Fwp%2Fv2%2Fmedia&parent=23"}],"curies":[{"name":"wp","href":"https:\/\/api.w.org\/{rel}","templated":true}]}}